1110111110000100 - 11?
1011110111110000001
In base 5, what is 20 + -13142?
-13122
In base 11, what is a - 35511?
-35502
In base 12, what is 173506 - 3?
173503
In base 2, what is 110001111111 - -1111?
110010001110
In base 3, what is -10 + -1211201101?
-1211201111
In base 6, what is 102 + 4353?
4455
In base 14, what is -8b44 - a4?
-8c08
In base 8, what is 106 + -1463?
-1355
In base 2, what is 111011011 - -1000?
111100011
In base 10, what is -8 + -872?
-880
In base 12, what is -3 + 3930?
3929
In base 16, what is -1352 - c?
-135e
In base 5, what is -2 + 24112?
24110
In base 7, what is -3 + 220626?
220623
In base 14, what is -3220d + -5?
-32214
In base 2, what is -1100 + 1010111100?
1010110000
In base 11, what is 4 + -2535?
-2531
In base 4, what is 11 + -31103202?
-31103131
In base 16, what is -2 + -cb4fb?
-cb4fd
In base 12, what is 70 + 2b3?
363
In base 3, what is -110 + -1002?
-1112
In base 4, what is -10 + -123221120?
-123221130
In base 4, what is 22130110 + 10?
22130120
In base 16, what is -3d2e + -f?
-3d3d
In base 3, what is 21110111011 + 12?
21110111100
In base 11, what is -4 + -3427?
-3430
In base 7, what is -4 + -120013?
-120020
In base 3, what is 112010220 - 112122?
111121021
In base 14, what is -1db6 - -1b?
-1d99
In base 4, what is -10332032 - 1?
-10332033
In base 11, what is -1732 + -160?
-1892
In base 12, what is -50a32 + -19?
-50a4b
In base 13, what is -19302 - 0?
-19302
In base 16, what is -3b641 - 1?
-3b642
In base 7, what is -12 - 2211?
-2223
In base 11, what is 26514 + -20?
264a4
In base 10, what is -2 + -79295?
-79297
In base 2, what is -11 - -100000100011010?
100000100010111
In base 12, what is 1276 - 1?
1275
In base 15, what is 0 - 1259?
-1259
In base 8, what is 210756 - -1?
210757
In base 4, what is -31113100 - -11?
-31113023
In base 14, what is -11a40 + -7?
-11a47
In base 16, what is 5 + -ea8f?
-ea8a
In base 12, what is 61 + 49a9?
4a4a
In base 3, what is -100212212 - -10021?
-100202121
In base 7, what is 2 + -1504242?
-1504240
In base 10, what is 1 - -584187?
584188
In base 7, what is 5 + -312522?
-312514
In base 16, what is -961 - -b?
-956
In base 8, what is -2 - -571346?
571344
In base 2, what is 1001001001100011 - 100?
1001001001011111
In base 15, what is -46 + 221?
1ca
In base 4, what is -11 + -233110?
-233121
In base 12, what is 3 + 5851?
5854
In base 6, what is 12550 - 4?
12542
In base 2, what is -10 - -111111000010000110?
111111000010000100
In base 6, what is -4252 + 2052?
-2200
In base 14, what is -2 - -1a3d8?
1a3d6
In base 5, what is -4 + -2411303?
-2411312
In base 14, what is 60c0 - -6?
60c6
In base 8, what is 1 + 1410?
1411
In base 16, what is -5 - -1b9e?
1b99
In base 14, what is -4b - -7747?
76da
In base 3, what is 12 - 22202121210?
-22202121121
In base 15, what is a66 - -109?
b70
In base 13, what is 3a5c7 + 1?
3a5c8
In base 12, what is 4789 - 3a?
474b
In base 2, what is 10011001011000 - -100?
10011001011100
In base 10, what is -1923 - 911?
-2834
In base 2, what is 1111101 + 100111011?
110111000
In base 9, what is 73005 + -1?
73004
In base 14, what is 12b755 - -2?
12b757
In base 9, what is 827001 - 2?
826888
In base 6, what is -451335 - -5?
-451330
In base 15, what is 1 + -124e?
-124d
In base 7, what is -226511 - -62?
-226416
In base 10, what is 3540 - -26?
3566
In base 7, what is 1240 - 212?
1025
In base 15, what is -221 + -90b?
-b2c
In base 4, what is -11312 - 321?
-12233
In base 9, what is -687 + 2077?
1280
In base 6, what is 302011 - 130?
301441
In base 8, what is -12 - -51537?
51525
In base 9, what is -12 + 2823?
2811
In base 16, what is 14 - -1da94?
1daa8
In base 14, what is 21d0a + 1?
21d0b
In base 13, what is 2579 + -1?
2578
In base 9, what is 4312 - -148?
4461
In base 3, what is -12 - -21012221210?
21012221121
In base 9, what is -104 + 1058?
854
In base 15, what is -4 - 7e5e?
-7e63
In base 7, what is -16011 + -2?
-16013
In base 2, what is -10 + 1101000101100?
1101000101010
In base 10, what is -283 - -1066?
783
In base 10, what is -1 - 39209?
-39210
In base 6, what is -2101 - 514?
-3015
In base 7, what is 13 + 6500?
6513
In base 10, what is -13 + -4283?
-4296
In base 8, what is 217 + -1104?
-665
In base 12, what is 4 + 34b12?
34b16
In base 6, what is -4 - 15115?
-15123
In base 9, what is 57044 + 1?
57045
In base 13, what is -1 - -587b?
587a
In base 15, what is 1343a - 4?
13436
In base 8, what is 0 - 2570?
-2570
In base 11, what is 3 - 78a1?
-7899
In base 13, what is -1270 + -105?
-1375
In base 7, what is -16 + 1535?
1516
In base 10, what is -3 - -4218?
4215
In base 4, what is -10213221332 + 10?
-10213221322
In base 6, what is 0 + -254045?
-254045
In base 8, what is 5 + 11352?
11357
In base 12, what is 686 + -559?
129
In base 9, what is -305276 + 7?
-305268
In base 10, what is -56 + -444?
-500
In base 10, what is -831388 - -1?
-831387
In base 8, what is 3 - -1135305?
1135310
In base 10, what is -5 + -16504?
-16509
In base 13, what is 21 - 99?
-78
In base 7, what is 3 + -20643?
-20640
In base 12, what is -70 - -539?
489
In base 6, what is -1442 + -414?
-2300
In base 12, what is 122 + 740?
862
In base 2, what is -1011111000100000001 + -1?
-1011111000100000010
In base 15, what is a43d1 + 4?
a43d5
In base 3, what is 2 - 1012221?
-1012212
In base 3, what is 1021010 + 10120?
1101200
In base 9, what is 111781 + 2?
111783
In base 14, what is 2b + 20dc?
2129
In base 15, what is -1c9d7 - -6?
-1c9d1
In base 14, what is -887 - 211?
-a98
In base 13, what is -1266 - 20?
-1286
In base 11, what is 1 - 149551?
-149550
In base 9, what is 61247 + 0?
61247
In base 14, what is 1149 + 12a?
1275
In base 2, what is 10110110011 - 100?
10110101111
In base 5, what is -32022201 + -22?
-32022223
In base 4, what is 22011 - -112?
22123
In base 15, what is -5d2 - 2c?
-60e
In base 12, what is 15a7 + -20?
1587
In base 13, what is -968c + -5?
-9694
In base 14, what is -6 - 666c?
-6674
In base 2, what is -110000 + 1011111010?
1011001010
In base 6, what is 245543 - 52?
245451
In base 3, what is 111 - 2122202?
-2122021
In base 10, what is 4 + 5247?
5251
In base 16, what is 2 - 2979?
-2977
In base 5, what is 34 - -1241343?
1241432
In base 9, what is 118 - 2477?
-2358
In base 5, what is -10 - 123402?
-123412
In base 4, what is -11213 - -32223?
21010
In base 15, what is 35794 - 2?
35792
In base 2, what is 100111100110010 + -10?
100111100110000
In base 2, what is -1100101011 - -110?
-1100100101
In base 13, what is -34597 + -40?
-34607
In base 7, what is 3132612 - 2?
3132610
In base 8, what is 4254 - 465?
3567
In base 13, what is 1 + 46223?
46224
In base 9, what is -18625 + -1?
-18626
In base 3, what is 1112 + 1001220101?
1001221220
In base 4, what is 231 - -30331?
31222
In base 3, what is 122102200010 + 1?
122102200011
In base 12, what is -2139a - -5?
-21395
In base 11, what is -3a1433 - 1?
-3a1434
In base 5, what is -13124031044 + -10?
-13124031104
In base 13, what is 29499 - 5?
29494
In base 6, what is 10143 + -53?
10050
In base 3, what is 112002122 + 10?
112002202
In base 6, what is 3350440 - -5?
3350445
In base 9, what is 15413 - 56?
15346
In base 10, what is -5 - -150235?
150230
In base 8, what is 3564 - -16?
3602
In base 13, what is -13 + 30c?
2c9
In base 3, what is 20121 + 2220?
100111
In base 2, what is -110111111010110001 + -11?
-110111111010110100
In base 2, what is 100111010100 + -1101001?
100101101011
In base 7, what is -455233 - -51?
-455152
In base 15, what is b - -6bd3e?
6bd4a
In base 15, what is 7c7 + 1c?
7e4
In base 16, what is -1fb9e8 - 3?
-1fb9eb
In base 11, what is -1 - -4a696?
4a695
In base 2, what is 11 + -1100100101101110000?
-1100100101101101101
In base 10, what is -11 - -369473?
369462
In base 13, what is -5 + -1794?
-1799
In base 4, what is 1023120 - 1200?
1021320
In base 5, what is 322400 + -1?
322344
In base 4, what is -2 - -2012131133?
2012131131
In base 7, what is -3 + 11620206?
11620203
In base 14, what is -5 - -d27c?
d277
In base 15, what is bede + -2?
bedc
In base 2, what is 101010000011 - -1000101?
101011001000
In base 3, what is -101222 - 10002122?
-10111121
In base 7, what is 1355625 - 5?
1355620
In base 16, what is -3 - -46573?
46570
In base 13, what is -7cb5a8 + 2?
-7cb5a6
In base 12, what is -4 - -3489b?
34897
In base 6, what is -155222331 + -3?
-155222334
In base 2, what is 100 - 1110010100011?
-111001001